7
Suppose -3*m - 4*r + 115 = 2*m, 145 = 5*m - 2*r. Let q = 40 - m. What are the prime factors of q?
13
Let u(i) = i**3 - 3*i**2 - 4*i + 2. Let b be u(4). Suppose -b*r - 28 = -9*r. What are the prime factors of r?
2
Suppose -2*o = -3*z - 306, -4*z = -4*o - 0*o + 404. Let c = -32 - z. List the prime factors of c.
2, 3
Let a(k) = -3*k**3 - 10*k**2 + 6*k - 29. Let p(z) = -z**3 - 1. Let h(u) = a(u) - 4*p(u). What are the prime factors of h(10)?
5, 7
Suppose -6*c = 8*c - 2968. What are the prime factors of c?
2, 53
Suppose -2*q - 5*b = -7866, -9*q + 5*q = -b - 15754. List the prime factors of q.
2, 11, 179
Suppose -106 = 5*f - 3*f. Let z = 61 + f. What are the prime factors of z?
2
Suppose 8*d + 4*n - 1126 = 6*d, 5*n = 2*d - 1153. List the prime factors of d.
569
Let v = 56 - 54. Suppose 3*g - 3*t = 170 + 97, -v*g + 4*t + 180 = 0. What are the prime factors of g?
2, 11
Suppose -16 = -5*n + 14. Let s(d) = 2*d - 11. Let i be s(n). List the prime factors of (21 - 2) + i + -4.
2
List the prime factors of (-6 + 10)*(1/1 + 420).
2, 421
Let v(z) = z**3 - 5*z**2 - 20*z - 28. Let y be v(8). Suppose 10*w - 5*w = 15. Suppose -w*p = 2*c - 74, -2*p + y*p = -2*c + 78. What are the prime factors of c?
43
Let a(y) be the first derivative of -11*y**7/280 - y**4/24 - 4*y**3/3 - 2. Let w(o) be the third derivative of a(o). List the prime factors of w(-1).
2
Let n = -18 - -15. Let o(d) = -30*d + 1. Let h be o(n). Let p = -44 + h. What are the prime factors of p?
47
Suppose -6*q = -10880 + 2462. List the prime factors of q.
23, 61
Let l(f) = -f**2 + 7*f + 8. Let t(w) = -w. Let c be t(-8). Let r be l(c). Suppose r = 2*z - 0*z - 46. What are the prime factors of z?
23
Suppose -77*w = -78*w + 259. What are the prime factors of w?
7, 37
Let o = -1669 - -193. Let m be ((-6)/4)/((-27)/o). Let t = m - -121. What are the prime factors of t?
3, 13
Suppose 0 = -7*y + 2*y - 5. List the prime factors of (11/(-33))/(y/(-38))*-6.
2, 19
Let s(k) = k**3 - 15*k**2 + 2*k + 2. Let b(u) be the first derivative of u**3/3 + 5*u**2/2 + u + 4. Let h be b(-7). List the prime factors of s(h).
2
Let k be -3 + -3*(-1)/1. Suppose 44 = -k*s + 4*s. Let w = s - 8. What are the prime factors of w?
3
Suppose -7*u = -4*u + b - 6032, 0 = 2*u + b - 4022. List the prime factors of u.
2, 3, 5, 67
Let q = -2108 + 5012. List the prime factors of q.
2, 3, 11
Let d(u) = u**2 - 13*u - 21. Let p be d(14). Let k(g) = -10*g - 16. What are the prime factors of k(p)?
2, 3
Let z = -3 + -18. Let x be 3/(-6) + z/(-6). Suppose 0 = -l + 13 + x. List the prime factors of l.
2
Let r(h) = -h**2 + 2*h + 3. Let o be r(-5). Let q = o - -298. List the prime factors of q.
2, 7, 19
Let u = -92 - -93. What are the prime factors of (u - 288 - 5)*2/(-4)?
2, 73
Suppose -6*c - 1131 = -6963. List the prime factors of c.
2, 3
What are the prime factors of 743/1 - 0/2?
743
Let v(m) = -69*m**3 + m**2 + 5*m + 18. What are the prime factors of v(-3)?
3, 5
List the prime factors of 76024/44 + 8/44.
2, 3
Let o(y) = 4*y**2 - 3*y - 2. Let j be o(-2). Suppose 7*q + j = 2*q. List the prime factors of 759/44 + 1/q.
17
Let i(l) = -8 + 17 - 7 + l. Let v be i(-3). List the prime factors of 1 - (-3 + (1 - v)).
2
Let x = 21 + -19. Suppose 4*f = -5*v - f, -x*v + 5*f + 14 = 0. List the prime factors of 1*65 + (-1 - v).
2, 31
Let l(s) = 4*s**2 + 64*s + 380. List the prime factors of l(-46).
2, 5, 59
List the prime factors of ((-246)/4)/(7/(-70)).
3, 5, 41
Let q(c) = -294*c - 14. What are the prime factors of q(-2)?
2, 7, 41
Suppose 34*v - 4*v - 900 = 0. What are the prime factors of v?
2, 3, 5
Suppose -89*i = -80*i - 5499. What are the prime factors of i?
13, 47
Let t = 32 + -28. What are the prime factors of (-20)/1*t/(-1)?
2, 5
List the prime factors of (-567)/(-28) - 5/20.
2, 5
Let g be 3 + 2*(63/(-6))/7. List the prime factors of (-1 + g)/(6/(-456)).
2, 19
Suppose 0 = 3*r - 4*i - 25, -5*i = r - 2*r + 23. Suppose -5*h = -s + 122 + 37, -3*h + r = 0. What are the prime factors of s?
2, 41
Let g = 1632 + 42. List the prime factors of g.
2, 3, 31
Let g(y) = -36*y + 74. What are the prime factors of g(-9)?
2, 199
Suppose -8*w - 2*w = -6060. List the prime factors of w.
2, 3, 101
Suppose -x = 2*b - 7, x = 3*x + 5*b - 12. Let t = x - 8. Suppose -84 = -5*o - 2*c, -2*o = t*o + 3*c - 86. List the prime factors of o.
2
Let n(k) = -k**3 + 13*k**2 + 14. Let t be n(13). Let d = 10 - t. Let i(a) = -3*a - 2. List the prime factors of i(d).
2, 5
Let f = 4 - 9. Let n = -2 - f. Let r = n + 0. What are the prime factors of r?
3
Let r(f) = f**2 - 15*f + 26. Let n be r(18). Let u = n + -20. List the prime factors of u.
2, 3, 5
List the prime factors of (-179 - 5)/((-5 + 10)/(-70)).
2, 7, 23
Let r(u) = 2*u**2 - 5*u + 5. Let x be r(3). What are the prime factors of 8/(-2)*(4 - x)?
2
Let c(j) = -j**3 + 11*j**2. Let g be c(11). Suppose -3*d + 5*d - 74 = g. Suppose -5*h + 4*h + d = 0. List the prime factors of h.
37
Let f = -282 + 693. List the prime factors of f.
3, 137
Let v = -2190 - -4235. List the prime factors of v.
5, 409
Let m = 4706 - 2297. List the prime factors of m.
3, 11, 73
Suppose -2*g - 5*c = -13, 0 = -5*g + 3*c + c + 49. Let d be (-245)/(-9) - 2/g. Let m = -14 + d. List the prime factors of m.
13
List the prime factors of (0/2 + 12)*(-52 + 101).
2, 3, 7
Let t = -112 + 112. Suppose 0 = -t*n + 12*n - 300. List the prime factors of n.
5
Suppose -2*q + 11*y + 1384 = 7*y, 2*y + 2060 = 3*q. What are the prime factors of q?
2, 3, 19
Let k be (-206)/30 + 18/(-135). Let a(j) = 3*j**2 + 8*j - 7. Let t be a(k). Let z = -53 + t. List the prime factors of z.
31
Let z(h) = -h**3 - h**2 + h - 2. Let l be z(-2). Suppose l = t + 3*t - 32. Let i = t - 6. What are the prime factors of i?
2
List the prime factors of (13/(260/(-4695)))/((-2)/24).
3, 313
Let o(t) = 9*t + 34. List the prime factors of o(17).
11, 17
Let l be 0 - -3 - (-36)/(-6). Let y be (-9)/l - (-82)/(-1). Let w = y + 113. List the prime factors of w.
2, 17
Let z be (1752/(-72))/(1/12). Let m = -145 - z. What are the prime factors of m?
3, 7
Let p(s) = -s**2 - 10*s - 19. Let u be p(-7). Let i(n) = -2*n + n**u + n**2 + n + 3*n**2 + 2. What are the prime factors of i(2)?
2, 5
Let o(v) = v**2 + 7*v + 11. Let r be o(-5). Suppose 5*h - 300 = 5*g, 4*h - r = -9. Let t = -38 - g. What are the prime factors of t?
2, 3
Suppose 5*z - 2360 = 3*w + 2*w, 0 = -3*z - 4*w + 1423. Suppose u - z = -2*b - 45, b = 4*u + 196. List the prime factors of b.
2, 53
Suppose 41 = 15*j - 49. Let b(u) = -1 - 1 + 2*u + 5*u. List the prime factors of b(j).
2, 5
Let n(c) = c**3 - 32*c**2 - 2*c + 70. List the prime factors of n(33).
1093
Let w = -322 + 551. What are the prime factors of w?
229
Suppose 0 = 3*u - 0*u + 12. List the prime factors of (-1)/(u + (-732)/(-184)).
2, 23
Let p = -33 + 5. What are the prime factors of (-2)/8 - 1099/p?
3, 13
Suppose -2*o + 80 = -2*f, f + 3*o - 20 = -64. Let c be (0 + (-9)/(-4))/((-39)/(-1040)). Let d = c + f. What are the prime factors of d?
19
Suppose -2*n + 7*n + 60 = 0. Let o be 112/n - (-2)/6. List the prime factors of ((-3)/o)/((-3)/(-135)).
3, 5
Let g = -204 + 222. What are the prime factors of g?
2, 3
Let n(c) = -43*c + 3. Suppose 0*a - 4 = 4*a. What are the prime factors of n(a)?
2, 23
Let q(l) = -9*l + 9. Let b be q(0). Suppose -j = -155 - b. What are the prime factors of j?
2, 41
Suppose 10 = -3*l + 43. Let v = -3 + l. What are the prime factors of v?
2
Let w be ((-1)/(-3))/(2/60). Suppose w = 2*q - 2. List the prime factors of q.
2, 3
Let v(s) = 4*s - 8. Let b be v(3). Let o(m) = 7*m**2 - 4*m - 3. What are the prime factors of o(b)?
3, 31
Suppose 5*d - 2820 = 2*y, -3*d - 4*y + 5*y + 1691 = 0. List the prime factors of d.
2, 281
Suppose -4*f + 3*n + 0 = 1, -f = 3*n - 11. List the prime factors of (((-240)/35)/4)/(f/(-112)).
2, 3
Suppose 3416 = 10*r - 3*r. List the prime factors of ((-5)/(-20))/(2/r).
61
Let m be (6 + -5)/((-1)/(-4)). Let k(f) = 3*f - m*f + 2 + 8 - 2*f. List the prime factors of k(-6).
2, 7
Suppose 4*i + w - 312 = 0, 3*i - 154 = i - w. What are the prime factors of i/2*2 - 0?
79
Let b(j) = -2*j**2 + 3*j + 4. Let s be b(4). Let q = -13 - s. List the prime factors of (-2 + 0 + q)*10.
2, 5
Let j = -338 - -746. List the prime factors of j.
2, 3, 17
Let x be (-3 - -4)/((-2)/(-10)). Let s(p